 -a - 6*a + m = 0. What is the remainder when 299 is divided by a?
49
Suppose 915*f = 924*f - 351. Let v = 246 - 123. What is the remainder when v is divided by f?
6
Let o = 519 - 503. Suppose 33*x = 12*x + 966. What is the remainder when x is divided by o?
14
Let l = -26 - -29. Suppose 2*z = g + 4, -l*z = -8*z + 4*g + 4. What is the remainder when 34 is divided by z?
2
Let f(m) = m**3 - 16*m**2 - 160*m + 2576. Let v(d) = 8*d**2 - d. Let t be 2/((-2)/4*-4). Calculate the remainder when f(16) is divided by v(t).
2
Let k(p) = -p**3 + 11*p**2 - 3*p + 13. Let n be k(7). Suppose 0*i + n = 2*i. Let z = i - 84. What is the remainder when 37 is divided by z?
7
Suppose 2*c + c + 354 = 0. Let d = c + 130. What is the remainder when 83 is divided by d?
11
Let o be (1/(-3))/((-9)/81). Suppose -c + x + 34 = 2, 2*c - o*x - 62 = 0. Let u = 762 + -752. Calculate the remainder when c is divided by u.
4
Let s be (27*-1)/((4/(-1))/4). Suppose 5*t - 138 - s = 0. Calculate the remainder when t is divided by 1 + -2 - (-30)/3.
6
Let o be (-138)/15 + 28/(-35). Let p(h) = -h**2 - 13*h + 24. Calculate the remainder when 160 is divided by p(o).
52
Let c = -33 + 23. Let o(p) = -14*p - 29. Let f be o(c). Suppose -11*u = -f + 1. What is the remainder when 36 is divided by u?
6
Suppose -7*w - 325 = -325. Calculate the remainder when 2860/5 + -5 + w + -1 is divided by 30.
26
Suppose 12*y - 913 + 229 = 0. Suppose -2*t - 19 = 39. Let d = -13 - t. What is the remainder when y is divided by d?
9
Let g = 4561 - 3910. What is the remainder when 3917 is divided by g?
11
Let t(k) = -458*k - 4281. Calculate the remainder when t(-10) is divided by 102.
95
Let r(y) = -y**3 + 6*y**2 + 10*y + 22. Let x = -159 + 166. Calculate the remainder when r(x) is divided by 8.
3
Let k(a) = -a**2 + 30*a + 109. Calculate the remainder when 2718 is divided by k(-3).
8
What is the remainder when 16288 is divided by (18480/3388)/(4/66*1)?
88
Suppose 46331 = 11*d + 96*d. What is the remainder when d is divided by 63?
55
Suppose 0 = z + u + 2*u + 6, 4*u = 4*z - 40. Suppose -z*a = -54 + 18. Suppose -a = 6*c - 7*c. What is the remainder when 11 is divided by c?
5
Suppose -4*m + m = -6, 0 = 4*t - 3*m + 646. Let g = t - -162. Calculate the remainder when 14 is divided by g.
0
Suppose 1440 = -5*c + 5*d, -3*c - 369 - 480 = 2*d. Let a = 53 + -24. What is the remainder when (-12)/3*(c/12 - -3) is divided by a?
25
Let c(p) = -p - 1. Suppose 159 = -8*h - 105. Let l = h - -38. Calculate the remainder when c(-6) is divided by l.
0
Let w(k) = -k**2 - 22*k + 2. Let u be w(-22). Let n be (-3)/(81/39 - u). Let p = n - -45. Calculate the remainder when 17 is divided by p.
5
Suppose 0 = o + 3*y - 35, -5*o + 43 = -5*y - 52. Let m = 557 + -581. Calculate the remainder when o is divided by m/15*4/16*-10.
3
Let k(x) = 14*x**2 - 3*x - 18. Suppose 0 = -2*y - 4, -3*l + y - 20 = -85. What is the remainder when k(-3) is divided by l?
12
Let b(q) = -10*q**3 - 2*q**2 + 1. Calculate the remainder when (6/4 + 2)*(76 - 72) is divided by b(-1).
5
Suppose 4*u - 1911 = -l, 19*u - 23*u = -3*l - 1931. What is the remainder when u is divided by 73?
41
Suppose -4*l + 304 = 104. Calculate the remainder when 580 is divided by l.
30
Let j(l) = 2*l**2 - 114*l + 1672. Calculate the remainder when j(14) is divided by 92.
8
Let r(t) = -12*t - 56. Let x be r(-5). What is the remainder when (2 - (-8 + x))*(-35)/(-2) is divided by 36?
33
Let f(j) = -120*j**2 + 244*j**2 + 4 - 110*j**2 + 2 + 6*j. What is the remainder when 669 is divided by f(-1)?
11
Let q be 1/(8*6/22992). Let y = q - 468. Calculate the remainder when 138 is divided by y.
6
Suppose -y + 80 + 202 = 0. Calculate the remainder when 1127 is divided by y.
281
Suppose -7*v - 4*a + 90 = -5*v, 4*a = v - 57. What is the remainder when 1028 is divided by v?
48
Let l(p) = -275*p + 1442. What is the remainder when l(0) is divided by 26?
12
Suppose 3*a = 2*x - 283, -a - 308 - 223 = -4*x. Suppose 0*b - 492 = -4*b. Let w = x - b. What is the remainder when 85 is divided by w?
5
Let p = 18 - 8. Suppose p*d = 9*d + 144. Suppose 6*b = 82 + 92. Calculate the remainder when d is divided by b.
28
Let a(g) = 3*g**2 - 434*g + 2581. What is the remainder when 187 is divided by a(6)?
17
Let h(p) = 23*p - 15. Let t be h(1). Suppose -4*j - t*j + 492 = 0. Calculate the remainder when 141 is divided by j.
18
What is the remainder when ((-6241)/(-553))/(1/21) is divided by 23/1*2 + 2?
45
Let z(r) = 4*r + 3 - 8*r**2 + 7*r**2 + 4*r. Let t(k) = k**2 - 9*k - 3. Let d(u) = -6*t(u) - 7*z(u). What is the remainder when d(-5) is divided by 11?
10
Let g(a) = -a**3 - 5*a**2 + 36*a - 5. Let u be g(-11). Let s = u + -260. Calculate the remainder when 387 is divided by s.
62
Suppose -108*m + 12842 = -79*m + 2402. Calculate the remainder when m is divided by 93.
81
Let r(x) = x**2 - 8*x + 9. Let g be r(7). Calculate the remainder when 149 is divided by 17 + 6 + (g - 3).
17
Let h be 10*(-2 + 66/5). Let m(i) = -i**2 - 140*i - 789. Let d be m(-6). Calculate the remainder when ((h/3)/(-4))/(d/(-90)) is divided by 15.
11
Let f(x) = x**2 - 6*x - 34. Let v be f(10). Let l(p) = 26 + 776*p - 777*p + p**2 + v. What is the remainder when l(0) is divided by 11?
10
Let q = 281 + -180. What is the remainder when q is divided by (-62)/(1 + (-2 - 1))?
8
Suppose 5401 + 22069 = 12*d - 29662. What is the remainder when d is divided by 1189?
5
Let o(i) = -7*i - 2. Suppose 714 = 13*y - 183. Calculate the remainder when y is divided by o(-3).
12
Let q = -12721 + 12738. Suppose -254 = -4*s - 42. What is the remainder when s is divided by q?
2
Let x = -94 - -98. Suppose -x*f = -89 - 159. Suppose -5*i = -3*v - 260, 4*v - f - 163 = -5*i. What is the remainder when i is divided by 10?
9
What is the remainder when 224 is divided by -2 + (-713)/(-9) - 2*5/45?
70
Suppose 0*c + 12 = 3*c. Suppose c*x = -0*x + 8. Suppose 5*t = 5*d - 50, -x*t = -3*d + 2*t + 35. Calculate the remainder when 18 is divided by d.
3
Suppose 3591 + 2895 = 282*u. Calculate the remainder when 2588 is divided by u.
12
Let y = -90 + 98. Suppose -y*b + 2*b = -252. What is the remainder when 81 is divided by b?
39
Suppose -5*x + 5*b = 10*b - 2060, 4*x = b + 1678. Calculate the remainder when x is divided by 220.
198
Suppose -3609 = -2*t - 13*k + 8*k, t - 1806 = -3*k. Calculate the remainder when t is divided by 78.
3
Let d(s) = -5*s**2 + s - 1. Let v(u) = 9*u**2 - 4*u. Let n(k) = -11*d(k) - 6*v(k). Calculate the remainder when 105 is divided by n(-15).
23
Let z = -115 + 222. Let y(k) = -k**3 + 6*k**2 + 8*k - 29. Calculate the remainder when z is divided by y(3).
19
Suppose 16*m - 15*m + 2*o = 206, -218 = -m + 4*o. Calculate the remainder when m is divided by 44.
34
Suppose 12*o - 64 = 4*o. Let t be -3 + (-141)/(-6) - (-4)/o. Suppose -23*k = -t*k - 72. Calculate the remainder when 143 is divided by k.
35
Suppose 493 = 34*q + 26*q - 3167. Calculate the remainder when 2682 is divided by q.
59
What is the remainder when 835 is divided by (72/(-14))/((-7)/196)?
115
What is the remainder when 5083 is divided by 1/(-4)*2*(253/(-23) + -71)?
40
Let m = 9 - 4. Suppose 2*s - c = 117, -4*s + m*c + 184 = -35. Let w = 3829 + -3820. Calculate the remainder when s is divided by w.
7
Let v(b) = 2*b**2 - 3*b - 8. Let h be 103/((-4)/4) - -6. Let x = -58 - h. Calculate the remainder when x is divided by v(4).
3
Let w = 115 + -88. Suppose 3*d = -2*r + 97, -d - 3*r + w = -5*r. Calculate the remainder when d is divided by 8.
7
Let v = -194 - 1. Let f = v + 359. Calculate the remainder when f is divided by 56.
52
Suppose -2*r + 2 = 0, r = 4*n + 15 - 6. What is the remainder when 70 is divided by (-420)/(-24) + n/(-4)?
16
Suppose -38*f = 2*f - 200. Let v be 114 - ((3 - -1) + -2). Suppose 9*j - 5*j - v = 0. What is the remainder when j is divided by f?
3
Let i(g) = 2*g**3 - 63*g**2 - 33*g + 111. Calculate the remainder when 1814 is divided by i(32).
76
Let r = 648 + -653. Calculate the remainder when r/(-1 - (-264)/270) is divided by 59.
48
Let u(v) = -669*v - 112. Calculate the remainder when u(-4) is divided by 171.
170
Suppose 88*k - k - 12*k = 64800. What is the remainder when k is divided by 218?
210
Let m(w) = w**2 + 273*w - 1943. Calculate the remainder when ((-7)/(-2))/((-4)/(-88)) is divided by m(7).
9
S